ase 12
663918
Convert -2321441240 (base 5) to base 13.
-1124700
-26e71e (base 16) to base 14
-4a51b8
Convert -b40c6a (base 15) to base 13.
-1a08675
What is a4339 (base 13) in base 9?
488535
-212042 (base 9) to base 14
-33d91
What is -7b29c (base 16) in base 12?
-203b38
Convert 233232233 (base 4) to base 13.
6aca9
What is -3712a (base 11) in base 15?
-10c48
Convert 101211112112 (base 3) to base 6.
4323152
What is 1644a0 (base 13) in base 14?
105389
209599 (base 10) to base 11
133525
-3748054 (base 12) to base 10
-10796608
Convert -63910bb (base 12) to base 2.
-1000111111010010001001111
Convert -66534025 (base 8) to base 11.
-8100365
Convert -7764966 (base 10) to base 16.
-767be6
1180c (base 15) to base 6
1110220
Convert -4b148 (base 14) to base 11.
-116361
What is 10010011001111111000 (base 2) in base 10?
603128
-549ac4 (base 13) to base 9
-3665862
Convert 222102010202 (base 3) to base 11.
325657
What is -210423 (base 8) in base 5?
-4214112
What is -25352442 (base 6) in base 15?
-114042
What is -111021220020122 (base 3) in base 15?
-94815e
Convert 802698 (base 12) to base 15.
296212
-2041657 (base 9) to base 7
-12160663
-411312 (base 6) to base 5
-2021412
Convert -29e2e (base 16) to base 6.
-3402142
What is 4d766 (base 16) in base 13?
b1558
What is -20033 (base 5) in base 10?
-1268
18441 (base 12) to base 10
35185
1158a8 (base 12) to base 14
73bd6
What is -36322 (base 10) in base 8?
-106742
Convert -f2df (base 16) to base 14.
-18931
Convert 4200560 (base 7) to base 12.
203b55
423114 (base 7) to base 10
73119
Convert 1201030021 (base 4) to base 11.
2520aa
Convert -6330536 (base 7) to base 2.
-10111010011110001110
-24874 (base 11) to base 8
-105507
180802 (base 10) to base 6
3513014
-90284b (base 16) to base 4
-210002201023
-3ca50f (base 16) to base 6
-221104023
-21bc9a (base 15) to base 9
-3022541
-164948 (base 16) to base 5
-333214202
Convert 2221041 (base 5) to base 12.
1a614
What is 15023420 (base 7) in base 5?
330332304
-228533 (base 9) to base 8
-414417
Convert 113566 (base 11) to base 10.
180362
What is 103352212 (base 6) in base 7?
21503210
-1010111001101110101 (base 2) to base 11
-224441
What is 11100100011110010110 (base 2) in base 10?
935830
Convert 15a136 (base 11) to base 5.
30411401
Convert -3582c (base 14) to base 12.
-63694
What is -8a2a50 (base 12) in base 3?
-11010220220120
2142164 (base 9) to base 5
243243042
Convert 44562070 (base 8) to base 4.
210232100320
10001110100011 (base 2) to base 7
35412
-1196689 (base 10) to base 6
-41352121
108959 (base 14) to base 16
891d3
Convert -101000000101110001001110 (base 2) to base 9.
-21687150
Convert 10101110101010000111010 (base 2) to base 10.
5723194
What is 255948 (base 12) in base 9?
1131532
23133225 (base 6) to base 15
e107b
10cc41b (base 14) to base 6
443553213
What is 3422310 (base 6) in base 15?
36940
Convert -56a488 (base 15) to base 7.
-50102366
What is -96c878 (base 16) in base 7?
-146664452
-2094a0 (base 14) to base 5
-240220033
-258a537 (base 11) to base 16
-4459e4
What is 206dcb (base 14) in base 2?
100001011010010110111
1110100101111100001 (base 2) to base 13
13985b
Convert 2235 (base 6) to base 5.
4102
What is -98637 (base 11) in base 12?
-6aa3b
What is 2351350 (base 12) in base 11?
3941278
Convert 10349a7 (base 12) to base 3.
12202021202201
Convert -10300142 (base 5) to base 7.
-513145
Convert 31102665 (base 7) to base 16.
27c420
What is -1010110010110111000 (base 2) in base 4?
-1112112320
-11622426 (base 7) to base 14
-1d3b86
Convert 516138 (base 10) to base 3.
222020000020
Convert 12001202122212 (base 3) to base 8.
12211556
1228497 (base 11) to base 6
113424251
Convert -37113 (base 9) to base 2.
-110000100101111
What is 67634 (base 13) in base 16?
2dd9a
-135889 (base 10) to base 4
-201023101
Convert -44d71 (base 16) to base 10.
-281969
Convert 50213523 (base 6) to base 14.
28c76b
Convert 32031421 (base 6) to base 13.
26a883
-50661453 (base 8) to base 15
-e17a05
What is -25b40c (base 13) in base 11?
-571977
-1123444101 (base 5) to base 10
-2562401
What is -13112441 (base 6) in base 15?
-87437
106614013 (base 7) to base 4
121011103120
Convert 20102211101 (base 3) to base 10.
126721
69d33 (base 16) to base 7
3453505
What is -1b484a (base 13) in base 10?
-695666
481001 (base 9) to base 11
188494
Convert 48921 (base 10) to base 13.
19362
-25511050 (base 6) to base 9
-1510403
-666145 (base 8) to base 16
-36c65
What is -1163898 (base 10) in base 7?
-12615201
Convert -403532 (base 8) to base 2.
-100000011101011010
What is -110000001001010101 (base 2) in base 10?
-197205
Convert 502943 (base 10) to base 9.
845815
What is -31c63 (base 13) in base 5?
-10334424
Convert -359041 (base 13) to base 11.
-7a2074
Convert c5439 (base 16) to base 2.
11000101010000111001
58515 (base 9) to base 15
b88b
1030204420 (base 5) to base 8
10275670
Convert 460625 (base 7) to base 6.
1431215
2312765 (base 8) to base 10
628213
What is 3400104314 (base 5) in base 13?
16ccb4a
231114424 (base 5) to base 11
648088
Convert -1110010100111000010000 (base 2) to base 5.
-1430134121
46b8a7 (base 13) to base 9
3143474
Convert 5474326 (base 8) to base 11.
916532
Convert 11013422 (base 5) to base 4.
113022032
Convert -21791 (base 13) to base 11.
-415aa
Convert -1532150 (base 7) to base 13.
-74576
25524 (base 16) to base 4
211110210
423213114 (base 5) to base 16
1b0d6d
Convert 666963a (base 11) to base 3.
211000020021001
Convert 10012000221020 (base 3) to base 16.
19d6eb
Convert 4453 (base 15) to base 6.
151010
Convert 21310032 (base 4) to base 6.
510050
Convert -401331241 (base 5) to base 13.
-438699
Convert 24af8f (base 16) to base 8.
11127617
-615051 (base 15) to base 16
-468dd2
What is -28114 (base 10) in base 5?
-1344424
What is -801656 (base 16) in base 8?
-40013126
What is -10687391 (base 10) in base 16?
-a3139f
-1044001 (base 5) to base 8
-44302
Convert 112202000000 (base 3) to base 14.
77a46
-3b64b1 (base 13) to base 12
-596630
What is -20120022 (base 5) in base 3?
-22011100112
545425 (base 7) to base 2
10111010101010001
Convert -5a6a3c (base 13) to base 7.
-24222424
What is 175339 (base 11) in base 16?
42106
What is 127617 (base 10) in base 11?
87976
Convert 26a14a (base 11) to base 2.
1100111011000001001
What is -25774 (base 12) in base 13?
-1a401
Convert -10110022122 (base 4) to base 5.
-242144122
Convert 457112 (base 13) to base 7.
16653443
What is -2330771 (base 9) in base 13?
-351886
What is -26329 (base 12) in base 9?
-78666
-56ec2 (base 15) to base 10
-276707
Convert 2735c (base 13) to base 2.
10001110101111101
Convert -5202400 (base 6) to base 12.
-100400
What is -221434414 (base 5) in base 10?
-968109
Convert 1101071 (base 8) to base 14.
7997b
-1b61ba (base 13) to base 12
-2985b4
What is 11121100121 (base 3) in base 12?
44567
15158757 (base 9) to base 6
425324211
What is -10001000101101110110 (base 2) in base 8?
-2105566
Convert 82a191 (base 11) to base 3.
2111122002111
174689 (base 11) to base 14
703d3
2661635 (base 10) to base 11
15587a9
Convert 1e7064 (base 16) to base 7.
22645616
What is 13433220 (base 5) in base 8?
421042
-736 (base 9) to base 16
-258
-44576 (base 13) to base 11
-85164
Convert 2361662 (base 7) to base 11.
196000
-10290a4 (base 11) to base 10
-1812936
What is 172472 (base 9) in base 8?
320507
What is 611554 (base 7) in base 14?
29bd4
2414030314 (base 5) to base 13
1216121
Convert -1ae5d (base 16) to base 8.
-327135
-1302041212 (base 5) to base 10
-3158932
-1020223112 (base 4) to base 10
-297686
Convert 3d033 (base 14) to base 12.
73445
Convert 3460543 (base 8) to base 3.
1202212210000
-3418 (base 9) to base 12
-1568
What is -1023202100 (base 4) in base 2?
-1001011100010010000
What is 22300030211 (base 4) in base 13?
77907b
38641 (base 11) to base 4
31200232
-66797 (base 15) to base 11
-202797
-360716 (base 9) to base 4
-311000013
What is -1232023 (base 7) in base 5?
-20043134
What is 4651322 (base 7) in base 4?
2032210031
-9511 (base 10) to base 13
-4438
What is -701581 (base 9) in base 4?
-1211031112
What is 745581 (base 10) in base 11?
46a191
Convert 22670637 (base 8) to base 9.
10265252
What is -183701 (base 11) in base 13?
-9ba8a
-50128 (base 12) to base 9
-167415
What is -4684a0 (base 16) in base 13?
-c5a6cb
-b636b (base 13) to base 12
-139951
137480 (base 11) to bas